 Calculate the greatest common divisor of q and 50.
25
Let o(v) = 199*v + 614. Let n be o(2). Calculate the highest common divisor of 176 and n.
44
Suppose 3*w + 58 = -3*n + 88, 3*w - 3*n = 54. Suppose -2*k = -0*k - 196. Calculate the highest common divisor of k and w.
14
Suppose -32 = -2*c - 2. Let j = -382 + 757. Calculate the highest common divisor of j and c.
15
Suppose -5*i = 3*q - 544, -4*q + 342 + 368 = -i. Suppose -176*a = -q*a + 196. What is the greatest common factor of a and 14?
14
Let z(i) = 2*i**2 - 6*i - 2. Let w be z(6). Suppose -8*j + 3*j - w = f, f + 54 = -j. Let k = f - -67. What is the highest common divisor of k and 104?
8
Suppose 0 = l - 3*l + 30. Suppose -67 = -2*c + 3. Suppose -3*w - 2*u = -8*w + c, -w - u = 0. Calculate the highest common factor of l and w.
5
Suppose -25*w + 100440 = -22*w + 28*w. What is the highest common factor of w and 144?
72
Suppose -10 = -12*l + 14*l, -450 = -4*j + 2*l. Let q be 3/(-15) - 2808/(-40). What is the highest common factor of q and j?
10
Let l be (-10 + (-8 - -29))*1. Calculate the highest common factor of 4103 and l.
11
Let j(s) = 3*s - 12. Let u be j(11). Suppose u*w = 18*w + 153. Let o = -540 - -557. What is the highest common factor of o and w?
17
Suppose 10*r - 2153 = -1993. What is the greatest common divisor of r and 396?
4
Suppose 3388*y - 11640 = 3364*y. What is the highest common divisor of 20 and y?
5
Let h(d) = -29*d - 257. Let g be h(-9). Let u be g*(-11 - -62 - (-4)/(-2)). Calculate the greatest common divisor of u and 56.
28
Let a(c) = c**3 - 15*c**2 - 18*c + 5. Let r be a(16). Let t = 2 - r. Let n = 36 - t. What is the greatest common factor of 49 and n?
7
Let o be -7*((-4)/(-20) - 1177/385). What is the greatest common divisor of o and 4570?
10
Suppose -s + 4*k = -41, -43 = 2*s - 5*s - 4*k. Let x be s*(4/8)/(3/34). What is the greatest common factor of 51 and x?
17
Let k = 77 - 75. Suppose k*o - 5 - 1 = 0. Suppose o*v - 33 - 21 = 0. Calculate the highest common factor of v and 126.
18
Let j be 764*(-7)/(-16)*4*(-1 + 3). What is the highest common factor of j and 28?
14
Suppose -3*w + 4*s - 344 = -7*w, 3*s + 162 = 2*w. Let n be (95/(-57))/((-1)/w). Calculate the greatest common factor of 105 and n.
35
Let v = -14 + 34. Let i = 365 + -80. Let b = -277 + i. What is the greatest common divisor of v and b?
4
Let d be (-52 - 6)*3/6. Let x = 52 + d. Calculate the greatest common factor of x and 253.
23
Let c be (35/315)/(2/30)*6. Let h(p) = 5*p + 4. Let u(y) = 4*y + 4. Let k(j) = 5*h(j) - 6*u(j). Let f be k(c). What is the highest common divisor of f and 2?
2
Let c = -12 + 15. Let a be 7/((-4)/((-16)/(-4))). Let q(k) = -k**2 - 6*k + 10. Let b be q(a). What is the greatest common factor of c and b?
3
Suppose -c + l - 10 = -5*c, 0 = -5*c + 2*l + 6. Suppose -c*g - 3 = 13. Let u be (-1)/4 - 530/g. Calculate the highest common factor of 22 and u.
22
Let p = -65 + 93. Let u be (p/(-10) + 4)*(-200)/(-15). Calculate the greatest common factor of 248 and u.
8
Suppose -5*t + 5*j = -40, -3*t - 4*j + 25 = -27. Suppose -t*k + 101 = 53. Let z be (38/3 - 2)*3. Calculate the greatest common divisor of k and z.
4
Let r = -643 + 851. Suppose -m + 161 = 5*f, -f - 5*m + 37 = -0*f. What is the highest common divisor of f and r?
16
Let u(d) = 24*d + 77. Let t be u(10). Suppose 2*l = i + t, 0*i - 820 = -5*l - 3*i. What is the greatest common divisor of l and 23?
23
Let r = -12988 - -13276. Calculate the greatest common divisor of r and 4096.
32
Let k(q) = -124*q**3 - 9*q - 7. Suppose 23*h + 9 = 14*h. Let b be k(h). What is the highest common divisor of 72 and b?
18
Suppose 4005 = 10*a + 5*a. Let u = 283 - a. What is the highest common factor of u and 152?
8
Suppose 4*k + 8597 = 5*h, -9*k + 7*k + 3428 = 2*h. What is the highest common divisor of 85 and h?
17
Let s(y) = -240*y + 2646. Let q be s(12). Suppose 2*k = -2*k - 4. Let n be (q/(-13))/(1 - k). Calculate the highest common divisor of n and 63.
9
Let b(q) = -509*q**3 + 31*q**2 + 85*q. Let i be b(-3). Calculate the highest common factor of 39 and i.
39
Let p = 1152 - 1141. Let z = -235 + 378. Calculate the greatest common factor of p and z.
11
Let z(t) be the second derivative of -t**3 + 33*t**2 - 5*t + 10. Let k be z(3). What is the greatest common factor of k and 3?
3
Suppose 13*x + 695 = 18*x. Suppose -4*v + x + 37 = 0. Calculate the greatest common factor of v and 704.
44
Suppose t - 5*i - 820 = 0, -27*t = -26*t + i - 808. What is the greatest common factor of 120 and t?
30
Let b(o) = -2*o**3 - 9*o**2 - 7*o - 4. Let x = -35 + 29. Let d be b(x). Suppose -344 = -7*r + d. What is the greatest common divisor of 14 and r?
14
Let s = -9802 + 9805. What is the greatest common divisor of 921 and s?
3
Let z(q) = -q**2 + 7*q - 2. Let i be z(6). Let h = i - -2. Let m(x) = -x**3 - x**2 + x + 15. Let v be m(-3). What is the greatest common divisor of v and h?
6
Let g(t) = -2*t + 1238. Let d be g(25). Calculate the greatest common factor of d and 2508.
132
Let s(y) = 18*y**2 - 8*y. Let p be s(-3). Let z = p + -156. What is the greatest common factor of z and 6?
6
Suppose -76*t + 1724 = -3292. What is the highest common divisor of 12 and t?
6
Let x = -920 + 911. Let n be (-2850)/(-120) - x/(-12). Let k = 23 - -23. Calculate the highest common divisor of k and n.
23
Suppose 2*n + z = -2*n + 2797, -3*z - 2109 = -3*n. Calculate the highest common factor of 42 and n.
14
Suppose 2*d = 45 - 15. Let l be (-88)/(-6)*d/2. Suppose n - 3*j - 38 = 0, 5*n + 2*j - l = j. Calculate the greatest common factor of n and 69.
23
Let d be 28*495/66*(-1)/(-10). Calculate the highest common divisor of d and 168.
21
Let g = -47 + 90. Suppose -7*k + 2*k = 3*u - 155, -29 = -k - u. Let h = g - k. What is the greatest common factor of 72 and h?
9
Let b = 22 + -18. Let s(x) be the first derivative of -x**3/3 + 11*x**2/2 - 4*x - 24. Let p be s(9). What is the highest common divisor of b and p?
2
Suppose -8025 = -q + c, 33*q + 6*c - 24075 = 30*q. Calculate the highest common factor of q and 25.
25
Let p(u) = 17*u**2 - 12*u - 195. Let j be p(-10). Suppose 21*q = 550 + 815. Calculate the greatest common divisor of q and j.
65
Suppose x - n = 351, x + 99 - 432 = 4*n. What is the highest common factor of x and 1309?
119
Let s be 5049/45 + (-2 - (-54)/30). What is the greatest common divisor of 6062 and s?
14
Suppose -t = 0, -10*g - 8*t = -15*g + 1150. Suppose j - 14 = -4. What is the highest common factor of j and g?
10
Let t(c) = -121*c + 1493. Let p be t(12). Calculate the greatest common factor of p and 8282.
41
Suppose 0 = -3*o - o + 152. Suppose -167990*q - 12844 = -168016*q. Calculate the greatest common divisor of q and o.
38
Let b be (-74)/(-222) + ((-928)/(-6))/4. What is the highest common factor of b and 1911?
39
Suppose 3282*b - 340308 = 816*b. Suppose -4*q + 708 + 120 = 0. Calculate the greatest common divisor of q and b.
69
Suppose -49*i + 1848 = 35*i. What is the highest common divisor of 2519 and i?
11
Suppose 4*a = 43 + 41. Suppose 168 = -14*n + a*n. Let s(y) = y**3 - 7*y**2 - 7*y - 15. Let t be s(9). Calculate the highest common divisor of t and n.
12
Let t(q) = 6*q**2 + 133*q + 3509. Let n be t(-39). What is the highest common factor of n and 98?
98
Let o = 621 + -500. Suppose o = v + r, 5*v - 896 + 276 = -2*r. What is the greatest common factor of 36 and v?
18
Let i = 1262 + -1224. Calculate the highest common factor of i and 342.
38
Let y be (-241 + 229)*(-112)/6. Let h(z) = 33*z - 1. Let i be h(1). What is the greatest common factor of y and i?
32
Let u be (-1)/(-4)*-2 + (-212)/(-8). Let w be (-76)/(-13) + 4/u. What is the highest common divisor of 15 and w?
3
Suppose -5*x - 55*x = -45360. Calculate the highest common divisor of 4 and x.
4
Suppose 149*j = 141*j + 464. What is the greatest common divisor of 696 and j?
58
Let b = -5291 + 5330. What is the greatest common divisor of b and 26715?
39
Suppose 20 = 2*p - p - 3*i, 2*i = -p + 15. Suppose -4*c + z + 9 + 7 = 0, 0 = 2*c + z - 8. Suppose 5*f = c*f + 85. What is the highest common factor of f and p?
17
Suppose -m + 3*p + 21 = 4*m, -4*m - p + 10 = 0. Let g be ((-4860)/(-35))/m - 6/21. What is the highest common factor of g and 184?
46
Suppose s + 0*i = -3*i + 7005, 2*s - 14030 = -2*i. Calculate the greatest comm